2
What is the thousands digit of 125883?
5
What is the thousands digit of 13245230?
5
What is the hundred thousands digit of 1001965?
0
What is the tens digit of 23173288?
8
What is the tens digit of 25951773?
7
What is the thousands digit of 301659?
1
What is the millions digit of 5582693?
5
What is the millions digit of 8260167?
8
What is the millions digit of 1254746?
1
What is the hundred thousands digit of 6661870?
6
What is the units digit of 598120?
0
What is the thousands digit of 395219?
5
What is the units digit of 3126580?
0
What is the hundred thousands digit of 559327?
5
What is the units digit of 504127?
7
What is the ten thousands digit of 5513684?
1
What is the ten thousands digit of 625352?
2
What is the units digit of 1859644?
4
What is the units digit of 1000201?
1
What is the units digit of 148566?
6
What is the hundred thousands digit of 15515647?
5
What is the hundred thousands digit of 23131178?
1
What is the units digit of 1817185?
5
What is the hundreds digit of 795913?
9
What is the thousands digit of 36284586?
4
What is the millions digit of 7877237?
7
What is the hundred thousands digit of 4768023?
7
What is the thousands digit of 20027167?
7
What is the hundred thousands digit of 30594786?
5
What is the tens digit of 333449?
4
What is the units digit of 4256973?
3
What is the ten thousands digit of 2176147?
7
What is the hundreds digit of 1341111?
1
What is the thousands digit of 7761649?
1
What is the units digit of 536794?
4
What is the hundreds digit of 234832?
8
What is the units digit of 251489?
9
What is the hundred thousands digit of 3218588?
2
What is the units digit of 4799485?
5
What is the units digit of 1639127?
7
What is the units digit of 920838?
8
What is the tens digit of 835347?
4
What is the hundreds digit of 20939?
9
What is the units digit of 46590?
0
What is the ten thousands digit of 136934?
3
What is the millions digit of 2322225?
2
What is the ten thousands digit of 19210275?
1
What is the thousands digit of 136964?
6
What is the tens digit of 1053512?
1
What is the millions digit of 5829603?
5
What is the tens digit of 253154?
5
What is the thousands digit of 70335?
0
What is the tens digit of 951979?
7
What is the units digit of 938838?
8
What is the hundreds digit of 2983972?
9
What is the hundreds digit of 330811?
8
What is the hundred thousands digit of 890487?
8
What is the thousands digit of 1955714?
5
What is the millions digit of 6660486?
6
What is the hundred thousands digit of 611925?
6
What is the ten thousands digit of 4341426?
4
What is the units digit of 196149?
9
What is the thousands digit of 1180156?
0
What is the hundred thousands digit of 1313267?
3
What is the units digit of 772835?
5
What is the units digit of 1215254?
4
What is the hundred thousands digit of 342213?
3
What is the thousands digit of 997227?
7
What is the hundreds digit of 357162?
1
What is the hundreds digit of 888451?
4
What is the hundred thousands digit of 217694?
2
What is the hundred thousands digit of 121682?
1
What is the hundred thousands digit of 293415?
2
What is the tens digit of 2058584?
8
What is the units digit of 317808?
8
What is the thousands digit of 13122351?
2
What is the hundred thousands digit of 1560612?
5
What is the hundred thousands digit of 2323505?
3
What is the thousands digit of 54018?
4
What is the units digit of 3983692?
2
What is the ten thousands digit of 8331109?
3
What is the ten thousands digit of 6237813?
3
What is the units digit of 3640983?
3
What is the ten thousands digit of 1916435?
1
What is the units digit of 13549251?
1
What is the ten thousands digit of 4692576?
9
What is the units digit of 256517?
7
What is the tens digit of 248956?
5
What is the millions digit of 1314462?
1
What is the thousands digit of 152589?
2
What is the tens digit of 2484581?
8
What is the thousands digit of 345275?
5
What is the thousands digit of 108095?
8
What is the hundred thousands digit of 6029129?
0
What is the tens digit of 41293?
9
What is the ten thousands digit of 89907?
8
What is the tens digit of 3717?
1
What is the hundreds digit of 28852507?
5
What is the hundred thousands digit of 578545?
5
What is the ten thousands digit of 183218?
8
What is the units digit of 5543743?
3
What is the units digit of 4531554?
4
What is the tens digit of 212565?
6
What is the hundred thousands digit of 146520?
1
What is the hundreds digit of 3489364?
3
What is the tens digit of 201299?
9
What is the hundred thousands digit of 809641?
8
What is the hundreds digit of 5474358?
3
What is the thousands digit of 55835?
5
What is the millions digit of 13195821?
3
What is the millions digit of 4319000?
4
What is the ten thousands digit of 266938?
6
What is the units digit of 236098?
8
What is the units digit of 1152489?
9
What is the tens digit of 410271?
7
What is the hundred thousands digit of 33659901?
6
What is the units digit of 2016360?
0
What is the hundred thousands digit of 601886?
6
What is the ten thousands digit of 881109?
8
What is the hundred thousands digit of 726994?
7
What is the tens digit of 1099246?
4
What is the millions digit of 25545701?
5
What is the hundreds digit of 3776627?
6
What is the units digit of 81840?
0
What is the thousands digit of 194158?
4
What is the hundred thousands digit of 728579?
7
What is the ten thousands digit of 8959051?
5
What is the tens digit of 1139186?
8
What is the tens digit of 278894?
9
What is the hundreds digit of 735449?
4
What is the millions digit of 1293248?
1
What is the hundreds digit of 243832?
8
What is the ten thousands digit of 250233?
5
What is the tens digit of 133114?
1
What is the millions digit of 3981844?
3
What is the units digit of 199419?
9
What is the millions digit of 28144691?
8
What is the thousands digit of 2776129?
6
What is the hundreds digit of 470456?
4
What is the tens digit of 559808?
0
What is the millions digit of 5241009?
5
What is the ten millions digit of 21045166?
2
What is the hundred thousands digit of 1493793?
4
What is the units digit of 6029541?
1
What is the units digit of 12346502?
2
What is the ten thousands digit of 660931?
6
What is the tens digit of 115215?
1
What is the ten thousands digit of 368268?
6
What is the ten thousands digit of 2770017?
7
What is the hundred thousands digit of 1830318?
8
What is the units digit of 121664?
4
What is the hundreds digit of 19063740?
7
What is the units digit of 606214?
4
What is the hundreds digit of 351227?
2
What is the units digit of 86634?
4
What is the tens digit of 903610?
1
What is the thousands digit of 260077?
0
What is the tens digit of 818608?
0
What is the thousands digit of 14964078?
4
What is the hundreds digit of 631331?
3
What is the units digit of 84944?
4
What is the units digit of 349530?
0
What is the units digit of 35629471?
1
What is the tens digit of 16833?
3
What is the ten thousands digit of 128361?
2
What is the tens digit of 63518?
1
What is the hundreds digit of 9956343?
3
What is the tens digit of 12636469?
6
What is the tens digit of 6743295?
9
What is the hundreds digit of 660950?
9
What is the ten thousands digit of 662003?
6
What is the tens digit of 120378?
7
What is the hundred thousands digit of 1047497?
0
What is the ten thousands digit of 119635?
1
What is the tens digit of 274316?
1
What is the thousands digit of 78050?
8
What is the thousands digit of 92473?
2
What is the ten thousands digit of 5473657?
7
What is the units digit of 12553942?
2
What is the thousands digit of 8081300?
1
What is the hundreds digit of 1898792?
7
What is the units digit of 132118?
8
What is the hundred thousands digit of 147764?
1
What is the tens digit of 67246?
4
What is the units digit of 408845?
5
What is the tens digit of 1177480?
8
What is the tens digit of 8279068?
6
What is the hundreds digit of 187658?
6
What is the millions digit of 7461793?
7
What is the hundred thousands digit of 2543793?
5
What is the hundreds digit of 2271291?
2
What is the thousands digit of 3137935?
7
What is the thousands digit of 1730915?
0
What is the units digit of 4976320?
0
What is the thousands digit of 108734?
8
What is the units digit of 2205717?
7
What is the units digit of 238576?
6
What is the hundreds digit of 183852?
8
What is the